ainder when 16514436 is divided by 1279?
1267
What is the remainder when 3868105 is divided by 2439?
2290
Calculate the remainder when 326482 is divided by 2635.
2377
Calculate the remainder when 39864663 is divided by 298.
11
What is the remainder when 310735 is divided by 533?
529
What is the remainder when 11692438 is divided by 154?
142
Calculate the remainder when 1786300 is divided by 119.
110
Calculate the remainder when 14692 is divided by 344.
244
Calculate the remainder when 158289158 is divided by 1295.
13
What is the remainder when 34189 is divided by 2122?
237
Calculate the remainder when 19240914 is divided by 3206816.
18
What is the remainder when 8372154 is divided by 456?
450
Calculate the remainder when 483325 is divided by 6118.
3
What is the remainder when 31628 is divided by 930?
8
What is the remainder when 50053007 is divided by 8485?
8477
Calculate the remainder when 42743 is divided by 415.
413
Calculate the remainder when 11414921 is divided by 165432.
113
Calculate the remainder when 109255018 is divided by 122.
114
Calculate the remainder when 95676 is divided by 2796.
612
Calculate the remainder when 110059 is divided by 107088.
2971
Calculate the remainder when 10651292 is divided by 5588.
564
What is the remainder when 98342 is divided by 32523?
773
Calculate the remainder when 12582 is divided by 307.
302
What is the remainder when 57247 is divided by 57242?
5
Calculate the remainder when 111104 is divided by 22074.
734
Calculate the remainder when 1572502 is divided by 39.
22
Calculate the remainder when 9109978 is divided by 844.
686
What is the remainder when 377406 is divided by 125631?
513
Calculate the remainder when 9057787 is divided by 7.
4
What is the remainder when 80983 is divided by 15900?
1483
Calculate the remainder when 31405 is divided by 15598.
209
Calculate the remainder when 149270 is divided by 4326.
2186
What is the remainder when 41060 is divided by 5862?
26
Calculate the remainder when 5525681 is divided by 10.
1
What is the remainder when 4642345 is divided by 4642301?
44
Calculate the remainder when 34009435 is divided by 241.
238
What is the remainder when 1384821 is divided by 1820?
1621
What is the remainder when 2388091 is divided by 14473?
46
What is the remainder when 2644274 is divided by 199?
161
What is the remainder when 31484 is divided by 1044?
164
What is the remainder when 8824511 is divided by 16905?
101
Calculate the remainder when 70511995 is divided by 240.
235
What is the remainder when 384322 is divided by 11302?
54
Calculate the remainder when 99726 is divided by 123.
96
What is the remainder when 61072516 is divided by 323?
322
Calculate the remainder when 4548727 is divided by 4618.
4615
Calculate the remainder when 9360635 is divided by 203492.
3
Calculate the remainder when 242052 is divided by 17289.
6
Calculate the remainder when 37087 is divided by 5706.
2851
Calculate the remainder when 4148923 is divided by 1037228.
11
Calculate the remainder when 2995039 is divided by 2320.
2239
What is the remainder when 175127 is divided by 43773?
35
What is the remainder when 280876 is divided by 4758?
154
Calculate the remainder when 197266 is divided by 65725.
91
Calculate the remainder when 60989115 is divided by 701.
12
Calculate the remainder when 93449634 is divided by 179.
178
Calculate the remainder when 47661707 is divided by 621.
578
What is the remainder when 121030934 is divided by 1306?
1302
Calculate the remainder when 233564 is divided by 831.
53
What is the remainder when 36303079 is divided by 2911?
2909
Calculate the remainder when 214119 is divided by 3405.
3009
Calculate the remainder when 2634395 is divided by 395.
140
Calculate the remainder when 188479 is divided by 90053.
8373
Calculate the remainder when 447831 is divided by 807.
753
Calculate the remainder when 51562 is divided by 3291.
2197
Calculate the remainder when 3347405 is divided by 66947.
55
What is the remainder when 1294137 is divided by 864?
729
What is the remainder when 553412 is divided by 244?
20
What is the remainder when 3878 is divided by 1274?
56
What is the remainder when 45611 is divided by 2300?
1911
What is the remainder when 59857 is divided by 2853?
2797
Calculate the remainder when 480475 is divided by 80.
75
What is the remainder when 6540096 is divided by 14?
10
What is the remainder when 166563938 is divided by 1335?
1328
What is the remainder when 47884 is divided by 2985?
124
What is the remainder when 219081 is divided by 17812?
5337
Calculate the remainder when 48853 is divided by 15962.
967
Calculate the remainder when 31070001 is divided by 6.
3
Calculate the remainder when 58097 is divided by 326.
69
Calculate the remainder when 1317536 is divided by 708.
656
What is the remainder when 47835479 is divided by 1320?
1319
Calculate the remainder when 10627412 is divided by 2060.
1932
Calculate the remainder when 3597963 is divided by 899458.
131
Calculate the remainder when 5114153 is divided by 185.
13
What is the remainder when 139307 is divided by 3241?
3185
What is the remainder when 48164687 is divided by 587374?
19
Calculate the remainder when 3591807 is divided by 287.
2
Calculate the remainder when 94892 is divided by 526.
212
What is the remainder when 2418898 is divided by 151179?
34
Calculate the remainder when 17414000 is divided by 438.
434
Calculate the remainder when 1035568 is divided by 26540.
508
What is the remainder when 93763 is divided by 3473?
3465
What is the remainder when 791308 is divided by 164?
8
What is the remainder when 274302 is divided by 466?
294
What is the remainder when 10186588 is divided by 11?
5
Calculate the remainder when 105442026 is divided by 662.
652
Calculate the remainder when 27868 is divided by 9114.
526
Calculate the remainder when 407872 is divided by 33978.
136
What is the remainder when 196783 is divided by 64417?
3532
What is the remainder when 254803 is divided by 1535?
1528
What is the remainder when 3548569 is divided by 17832?
1
Calculate the remainder when 1376015 is divided by 259.
207
Calculate the remainder when 207942 is divided by 153.
15
What is the remainder when 281617 is divided by 2118?
2041
Calculate the remainder when 1358785 is divided by 15.
10
What is the remainder when 108884 is divided by 4017?
425
What is the remainder when 20885 is divided by 187?
128
What is the remainder when 3113010 is divided by 25309?
3
What is the remainder when 8398232 is divided by 2066?
2008
What is the remainder when 1003798 is divided by 150?
148
What is the remainder when 292310 is divided by 3049?
2655
What is the remainder when 2118318 is divided by 28625?
68
What is the remainder when 32058377 is divided by 1847?
1845
What is the remainder when 5903186 is divided by 470?
456
What is the remainder when 386228 is divided by 13365?
12008
Calculate the remainder when 73785 is divided by 1238.
743
What is the remainder when 9744557 is divided by 35?
32
Calculate the remainder when 2210744 is divided by 2607.
8
Calculate the remainder when 49695348 is divided by 461.
9
What is the remainder when 2982648 is divided by 13?
6
Calculate the remainder when 32658 is divided by 16247.
164
What is the remainder when 92406 is divided by 4620?
6
What is the remainder when 24663381 is divided by 24?
21
Calculate the remainder when 4820879 is divided by 1205193.
107
What is the remainder when 46665 is divided by 7990?
6715
What is the remainder when 594788 is divided by 1?
0
What is the remainder when 445371 is divided by 321?
144
What is the remainder when 45958539 is divided by 1367?
1366
Calculate the remainder when 305657887 is divided by 9486.
9481
What is the remainder when 68747004 is divided by 5728917?
0
What is the remainder when 16489677 is divided by 8244834?
9
What is the remainder when 47600201 is divided by 1261?
1234
What is the remainder when 7274429 is divided by 95716?
13
Calculate the remainder when 2743003 is divided by 208.
107
Calculate the remainder when 7517049 is divided by 18.
15
Calculate the remainder when 8673830 is divided by 2891276.
2
What is the remainder when 288609 is divided by 6559?
13
What is the remainder when 38110 is divided by 37996?
114
Calculate the remainder when 9772